{"id":19,"date":"2026-02-04T23:04:47","date_gmt":"2026-02-04T23:04:47","guid":{"rendered":"https:\/\/kore-cr.com\/?page_id=19"},"modified":"2026-02-06T18:39:46","modified_gmt":"2026-02-06T18:39:46","slug":"about","status":"publish","type":"page","link":"https:\/\/kore-cr.com\/index.php\/about\/","title":{"rendered":"Acerca de"},"content":{"rendered":"<p>[et_pb_section fb_built=\u00bb1&#8243; admin_label=\u00bbHeader\u00bb _builder_version=\u00bb4.27.5&#8243; _module_preset=\u00bbdefault\u00bb use_background_color_gradient=\u00bbon\u00bb background_color_gradient_type=\u00bbelliptical\u00bb background_color_gradient_stops=\u00bbrgba(121,58,255,0.5) 0%|rgba(255,255,255,0) 60%\u00bb hover_enabled=\u00bb0&#8243; locked=\u00bboff\u00bb collapsed=\u00bbon\u00bb global_colors_info=\u00bb{%22gcid-2a2d16d8-12e5-4520-affe-307c5f5dfb07%22:%91%22background_color%22%93}\u00bb custom_margin=\u00bb-96px||-96px||true|false\u00bb sticky_enabled=\u00bb0&#8243; custom_padding=\u00bb88px||88px||true|false\u00bb][et_pb_row _builder_version=\u00bb4.27.3&#8243; _module_preset=\u00bbdefault\u00bb global_colors_info=\u00bb{}\u00bb][et_pb_column type=\u00bb4_4&#8243; _builder_version=\u00bb4.27.3&#8243; _module_preset=\u00bbdefault\u00bb global_colors_info=\u00bb{}\u00bb][et_pb_heading title=\u00bbAcerca de Nosotros\u00bb _builder_version=\u00bb4.27.3&#8243; _module_preset=\u00bb9e61c0fb-59b1-4190-863f-7af3501732b9&#8243; global_colors_info=\u00bb{}\u00bb][\/et_pb_heading][\/et_pb_column][\/et_pb_row][et_pb_row _builder_version=\u00bb4.27.5&#8243; _module_preset=\u00bbdefault\u00bb global_colors_info=\u00bb{}\u00bb][et_pb_column type=\u00bb4_4&#8243; _builder_version=\u00bb4.27.3&#8243; _module_preset=\u00bbdefault\u00bb global_colors_info=\u00bb{}\u00bb][et_pb_text _builder_version=\u00bb4.27.5&#8243; _module_preset=\u00bb05fd297b-83ea-47dd-9341-ecf5d70daa22&#8243; global_colors_info=\u00bb{}\u00bb]<\/p>\n<p data-start=\"201\" data-end=\"510\">Somos un equipo de personas con habilidades distintas, pero con una misma idea: <strong data-start=\"281\" data-end=\"319\">hacer las cosas bien y con sentido<\/strong>.<br data-start=\"320\" data-end=\"323\" \/>Nacimos porque vimos un problema claro en el mundo del desarrollo web y la tecnolog\u00eda: soluciones gen\u00e9ricas, precios exagerados y poco compromiso con lo que realmente necesita el cliente.<\/p>\n<p data-start=\"512\" data-end=\"720\">Aqu\u00ed no trabajamos en masa ni con plantillas vac\u00edas. <strong data-start=\"565\" data-end=\"591\">Cada proyecto es \u00fanico<\/strong>, y lo tratamos como tal. Escuchamos, analizamos y cuidamos cada detalle, desde la primera conversaci\u00f3n hasta el resultado final.<\/p>\n<p data-start=\"722\" data-end=\"917\">Crecemos incorporando personas que comparten esta forma de pensar: profesionales que aman lo que hacen, que se involucran y que entienden que la tecnolog\u00eda debe adaptarse al cliente, no al rev\u00e9s.<\/p>\n<p data-start=\"919\" data-end=\"1122\">Acompa\u00f1amos a nuestros clientes en todo el proceso. No solo entregamos un producto, <strong data-start=\"1003\" data-end=\"1038\">construimos soluciones a medida<\/strong>, resolvemos dudas, ajustamos, mejoramos y estamos presentes cuando se nos necesita.<\/p>\n<p data-start=\"1124\" data-end=\"1263\">Para nosotros, la prioridad es clara:<br data-start=\"1161\" data-end=\"1164\" \/><strong data-start=\"1164\" data-end=\"1221\">la necesidad del cliente, su visi\u00f3n y su tranquilidad<\/strong>.<br data-start=\"1222\" data-end=\"1225\" \/>El resto se construye a partir de ah\u00ed.<\/p>\n<p>[\/et_pb_text][\/et_pb_column][\/et_pb_row][\/et_pb_section][et_pb_section fb_built=\u00bb1&#8243; disabled_on=\u00bbon|on|on\u00bb admin_label=\u00bbFAQ\u00bb _builder_version=\u00bb4.27.3&#8243; _module_preset=\u00bbdefault\u00bb disabled=\u00bbon\u00bb collapsed=\u00bbon\u00bb global_colors_info=\u00bb{%22gcid-2a2d16d8-12e5-4520-affe-307c5f5dfb07%22:%91%22background_color%22%93}\u00bb][et_pb_row _builder_version=\u00bb4.27.3&#8243; _module_preset=\u00bbdefault\u00bb global_colors_info=\u00bb{}\u00bb][et_pb_column type=\u00bb4_4&#8243; _builder_version=\u00bb4.27.3&#8243; _module_preset=\u00bbdefault\u00bb global_colors_info=\u00bb{}\u00bb][et_pb_accordion _builder_version=\u00bb4.27.3&#8243; _module_preset=\u00bb180c16d9-59fc-4794-be2a-d8d8c33c21c1&#8243; global_colors_info=\u00bb{}\u00bb][et_pb_accordion_item title=\u00bb1. What is AI and how can it benefit my business?\u00bb open=\u00bbon\u00bb _builder_version=\u00bb4.27.3&#8243; _module_preset=\u00bbdefault\u00bb global_colors_info=\u00bb{}\u00bb]Artificial intelligence (AI) empowers computers to learn, reason, and make decisions like humans. For your business, this means AI can automate tasks, analyze data for valuable insights, and personalize customer experiences, ultimately leading to increased efficiency and profits.[\/et_pb_accordion_item][et_pb_accordion_item title=\u00bb2. How do I know which AI solution is right for my business?\u00bb _builder_version=\u00bb4.27.3&#8243; _module_preset=\u00bbdefault\u00bb global_colors_info=\u00bb{}\u00bb open=\u00bboff\u00bb]The best AI solution depends on your specific needs and goals. Consider what challenges you want to address, the data you have available, and your budget. We can help you identify the most suitable AI tools to achieve your objectives.[\/et_pb_accordion_item][et_pb_accordion_item title=\u00bb3. What industries do you serve?\u00bb _builder_version=\u00bb4.27.3&#8243; _module_preset=\u00bbdefault\u00bb global_colors_info=\u00bb{}\u00bb open=\u00bboff\u00bb]We provide AI solutions across various industries, including healthcare, finance, retail, and manufacturing.  We help businesses in these sectors improve efficiency, enhance customer experiences, and drive innovation.[\/et_pb_accordion_item][et_pb_accordion_item title=\u00bb4. How do I get started with your AI services?\u00bb _builder_version=\u00bb4.27.3&#8243; _module_preset=\u00bbdefault\u00bb global_colors_info=\u00bb{}\u00bb open=\u00bboff\u00bb]Getting started is simple!  Reach out to us through our website or give us a call to schedule a consultation. We&#8217;ll discuss your needs and explore how AI can benefit your business.[\/et_pb_accordion_item][et_pb_accordion_item title=\u00bb5. What kind of support do you offer after implementation?\u00bb _builder_version=\u00bb4.27.3&#8243; _module_preset=\u00bbdefault\u00bb global_colors_info=\u00bb{}\u00bb open=\u00bboff\u00bb]We provide comprehensive support, including training your team, maintaining your AI systems, and optimizing their performance. We&#8217;re here to ensure you get the most out of your AI solutions.[\/et_pb_accordion_item][\/et_pb_accordion][\/et_pb_column][\/et_pb_row][\/et_pb_section][et_pb_section fb_built=\u00bb1&#8243; admin_label=\u00bbOur Team\u00bb _builder_version=\u00bb4.27.3&#8243; _module_preset=\u00bbdefault\u00bb collapsed=\u00bbon\u00bb global_colors_info=\u00bb{%22gcid-2a2d16d8-12e5-4520-affe-307c5f5dfb07%22:%91%22background_color%22%93}\u00bb][et_pb_row _builder_version=\u00bb4.27.3&#8243; _module_preset=\u00bbdefault\u00bb global_colors_info=\u00bb{}\u00bb][et_pb_column type=\u00bb4_4&#8243; _builder_version=\u00bb4.27.3&#8243; _module_preset=\u00bbdefault\u00bb global_colors_info=\u00bb{}\u00bb][et_pb_heading title=\u00bbConoce a Nuestro Equipo\u00bb _builder_version=\u00bb4.27.5&#8243; _module_preset=\u00bbc39a617e-6fbb-4227-a899-17ab9ce3e406&#8243; title_text_align=\u00bbcenter\u00bb global_colors_info=\u00bb{}\u00bb][\/et_pb_heading][\/et_pb_column][\/et_pb_row][et_pb_row column_structure=\u00bb1_3,1_3,1_3&#8243; use_custom_gutter=\u00bbon\u00bb gutter_width=\u00bb2&#8243; _builder_version=\u00bb4.27.5&#8243; _module_preset=\u00bbdefault\u00bb hover_enabled=\u00bb0&#8243; global_colors_info=\u00bb{}\u00bb sticky_enabled=\u00bb0&#8243;][et_pb_column type=\u00bb1_3&#8243; _builder_version=\u00bb4.27.3&#8243; _module_preset=\u00bbdefault\u00bb global_colors_info=\u00bb{}\u00bb][et_pb_team_member name=\u00bbGabriela Martinez\u00bb position=\u00bbDiseno\u00bb image_url=\u00bbhttps:\/\/kore-cr.com\/wp-content\/uploads\/2026\/02\/portrait-square-07.jpg\u00bb _builder_version=\u00bb4.27.3&#8243; _module_preset=\u00bbdefault\u00bb text_orientation=\u00bbcenter\u00bb hover_enabled=\u00bb0&#8243; global_colors_info=\u00bb{}\u00bb sticky_enabled=\u00bb0&#8243;][\/et_pb_team_member][\/et_pb_column][et_pb_column type=\u00bb1_3&#8243; _builder_version=\u00bb4.27.3&#8243; _module_preset=\u00bbdefault\u00bb global_colors_info=\u00bb{}\u00bb][et_pb_team_member name=\u00bbDaniel Herrera\u00bb position=\u00bbInfraestructura\u00bb image_url=\u00bbhttps:\/\/kore-cr.com\/wp-content\/uploads\/2026\/02\/1767398920171.png\u00bb _builder_version=\u00bb4.27.5&#8243; _module_preset=\u00bbdefault\u00bb text_orientation=\u00bbcenter\u00bb hover_enabled=\u00bb0&#8243; locked=\u00bboff\u00bb global_colors_info=\u00bb{}\u00bb title_text=\u00bb1767398920171&#8243; sticky_enabled=\u00bb0&#8243;][\/et_pb_team_member][\/et_pb_column][et_pb_column type=\u00bb1_3&#8243; _builder_version=\u00bb4.27.3&#8243; _module_preset=\u00bbdefault\u00bb global_colors_info=\u00bb{}\u00bb][et_pb_team_member name=\u00bbGabriel Villalobos\u00bb position=\u00bbInfraestructura\u00bb image_url=\u00bbhttps:\/\/kore-cr.com\/wp-content\/uploads\/2026\/02\/1763832489529.jpg\u00bb _builder_version=\u00bb4.27.5&#8243; _module_preset=\u00bbdefault\u00bb text_orientation=\u00bbcenter\u00bb hover_enabled=\u00bb0&#8243; locked=\u00bboff\u00bb global_colors_info=\u00bb{}\u00bb sticky_enabled=\u00bb0&#8243; title_text=\u00bb1763832489529&#8243;][\/et_pb_team_member][\/et_pb_column][\/et_pb_row][et_pb_row _builder_version=\u00bb4.27.3&#8243; _module_preset=\u00bbdefault\u00bb global_colors_info=\u00bb{}\u00bb][et_pb_column type=\u00bb4_4&#8243; _builder_version=\u00bb4.27.3&#8243; _module_preset=\u00bbdefault\u00bb global_colors_info=\u00bb{}\u00bb][\/et_pb_column][\/et_pb_row][\/et_pb_section]<\/p>\n","protected":false},"excerpt":{"rendered":"<p>Somos un equipo de personas con habilidades distintas, pero con una misma idea: hacer las cosas bien y con sentido.Nacimos porque vimos un problema claro en el mundo del desarrollo web y la tecnolog\u00eda: soluciones gen\u00e9ricas, precios exagerados y poco compromiso con lo que realmente necesita el cliente. Aqu\u00ed no trabajamos en masa ni con [&hellip;]<\/p>\n","protected":false},"author":1,"featured_media":0,"parent":0,"menu_order":0,"comment_status":"closed","ping_status":"closed","template":"","meta":{"_et_pb_use_builder":"on","_et_pb_old_content":"","_et_gb_content_width":"","footnotes":""},"class_list":["post-19","page","type-page","status-publish","hentry"],"yoast_head":"<!-- This site is optimized with the Yoast SEO plugin v26.9 - https:\/\/yoast.com\/product\/yoast-seo-wordpress\/ -->\n<title>Acerca de - K O R E<\/title>\n<meta name=\"robots\" content=\"index, follow, max-snippet:-1, max-image-preview:large, max-video-preview:-1\" \/>\n<link rel=\"canonical\" href=\"https:\/\/kore-cr.com\/index.php\/about\/\" \/>\n<meta property=\"og:locale\" content=\"es_ES\" \/>\n<meta property=\"og:type\" content=\"article\" \/>\n<meta property=\"og:title\" content=\"Acerca de - K O R E\" \/>\n<meta property=\"og:description\" content=\"Somos un equipo de personas con habilidades distintas, pero con una misma idea: hacer las cosas bien y con sentido.Nacimos porque vimos un problema claro en el mundo del desarrollo web y la tecnolog\u00eda: soluciones gen\u00e9ricas, precios exagerados y poco compromiso con lo que realmente necesita el cliente. Aqu\u00ed no trabajamos en masa ni con [&hellip;]\" \/>\n<meta property=\"og:url\" content=\"https:\/\/kore-cr.com\/index.php\/about\/\" \/>\n<meta property=\"og:site_name\" content=\"K O R E\" \/>\n<meta property=\"article:modified_time\" content=\"2026-02-06T18:39:46+00:00\" \/>\n<meta name=\"twitter:card\" content=\"summary_large_image\" \/>\n<meta name=\"twitter:label1\" content=\"Tiempo de lectura\" \/>\n\t<meta name=\"twitter:data1\" content=\"5 minutos\" \/>\n<script type=\"application\/ld+json\" class=\"yoast-schema-graph\">{\"@context\":\"https:\/\/schema.org\",\"@graph\":[{\"@type\":\"WebPage\",\"@id\":\"https:\/\/kore-cr.com\/index.php\/about\/\",\"url\":\"https:\/\/kore-cr.com\/index.php\/about\/\",\"name\":\"Acerca de - K O R E\",\"isPartOf\":{\"@id\":\"https:\/\/kore-cr.com\/#website\"},\"datePublished\":\"2026-02-04T23:04:47+00:00\",\"dateModified\":\"2026-02-06T18:39:46+00:00\",\"breadcrumb\":{\"@id\":\"https:\/\/kore-cr.com\/index.php\/about\/#breadcrumb\"},\"inLanguage\":\"es\",\"potentialAction\":[{\"@type\":\"ReadAction\",\"target\":[\"https:\/\/kore-cr.com\/index.php\/about\/\"]}]},{\"@type\":\"BreadcrumbList\",\"@id\":\"https:\/\/kore-cr.com\/index.php\/about\/#breadcrumb\",\"itemListElement\":[{\"@type\":\"ListItem\",\"position\":1,\"name\":\"Portada\",\"item\":\"https:\/\/kore-cr.com\/\"},{\"@type\":\"ListItem\",\"position\":2,\"name\":\"Acerca de\"}]},{\"@type\":\"WebSite\",\"@id\":\"https:\/\/kore-cr.com\/#website\",\"url\":\"https:\/\/kore-cr.com\/\",\"name\":\"K O R E\",\"description\":\"knowledge Optimization Research Engineering\",\"potentialAction\":[{\"@type\":\"SearchAction\",\"target\":{\"@type\":\"EntryPoint\",\"urlTemplate\":\"https:\/\/kore-cr.com\/?s={search_term_string}\"},\"query-input\":{\"@type\":\"PropertyValueSpecification\",\"valueRequired\":true,\"valueName\":\"search_term_string\"}}],\"inLanguage\":\"es\"}]}<\/script>\n<!-- \/ Yoast SEO plugin. -->","yoast_head_json":{"title":"Acerca de - K O R E","robots":{"index":"index","follow":"follow","max-snippet":"max-snippet:-1","max-image-preview":"max-image-preview:large","max-video-preview":"max-video-preview:-1"},"canonical":"https:\/\/kore-cr.com\/index.php\/about\/","og_locale":"es_ES","og_type":"article","og_title":"Acerca de - K O R E","og_description":"Somos un equipo de personas con habilidades distintas, pero con una misma idea: hacer las cosas bien y con sentido.Nacimos porque vimos un problema claro en el mundo del desarrollo web y la tecnolog\u00eda: soluciones gen\u00e9ricas, precios exagerados y poco compromiso con lo que realmente necesita el cliente. Aqu\u00ed no trabajamos en masa ni con [&hellip;]","og_url":"https:\/\/kore-cr.com\/index.php\/about\/","og_site_name":"K O R E","article_modified_time":"2026-02-06T18:39:46+00:00","twitter_card":"summary_large_image","twitter_misc":{"Tiempo de lectura":"5 minutos"},"schema":{"@context":"https:\/\/schema.org","@graph":[{"@type":"WebPage","@id":"https:\/\/kore-cr.com\/index.php\/about\/","url":"https:\/\/kore-cr.com\/index.php\/about\/","name":"Acerca de - K O R E","isPartOf":{"@id":"https:\/\/kore-cr.com\/#website"},"datePublished":"2026-02-04T23:04:47+00:00","dateModified":"2026-02-06T18:39:46+00:00","breadcrumb":{"@id":"https:\/\/kore-cr.com\/index.php\/about\/#breadcrumb"},"inLanguage":"es","potentialAction":[{"@type":"ReadAction","target":["https:\/\/kore-cr.com\/index.php\/about\/"]}]},{"@type":"BreadcrumbList","@id":"https:\/\/kore-cr.com\/index.php\/about\/#breadcrumb","itemListElement":[{"@type":"ListItem","position":1,"name":"Portada","item":"https:\/\/kore-cr.com\/"},{"@type":"ListItem","position":2,"name":"Acerca de"}]},{"@type":"WebSite","@id":"https:\/\/kore-cr.com\/#website","url":"https:\/\/kore-cr.com\/","name":"K O R E","description":"knowledge Optimization Research Engineering","potentialAction":[{"@type":"SearchAction","target":{"@type":"EntryPoint","urlTemplate":"https:\/\/kore-cr.com\/?s={search_term_string}"},"query-input":{"@type":"PropertyValueSpecification","valueRequired":true,"valueName":"search_term_string"}}],"inLanguage":"es"}]}},"_links":{"self":[{"href":"https:\/\/kore-cr.com\/index.php\/wp-json\/wp\/v2\/pages\/19","targetHints":{"allow":["GET"]}}],"collection":[{"href":"https:\/\/kore-cr.com\/index.php\/wp-json\/wp\/v2\/pages"}],"about":[{"href":"https:\/\/kore-cr.com\/index.php\/wp-json\/wp\/v2\/types\/page"}],"author":[{"embeddable":true,"href":"https:\/\/kore-cr.com\/index.php\/wp-json\/wp\/v2\/users\/1"}],"replies":[{"embeddable":true,"href":"https:\/\/kore-cr.com\/index.php\/wp-json\/wp\/v2\/comments?post=19"}],"version-history":[{"count":6,"href":"https:\/\/kore-cr.com\/index.php\/wp-json\/wp\/v2\/pages\/19\/revisions"}],"predecessor-version":[{"id":137,"href":"https:\/\/kore-cr.com\/index.php\/wp-json\/wp\/v2\/pages\/19\/revisions\/137"}],"wp:attachment":[{"href":"https:\/\/kore-cr.com\/index.php\/wp-json\/wp\/v2\/media?parent=19"}],"curies":[{"name":"wp","href":"https:\/\/api.w.org\/{rel}","templated":true}]}}